13*l**2 - 14*l - 31. What is the tens digit of r(-13)?
5
Let y = 196 + -50. What is the units digit of y?
6
Let j = 7 - 5. Suppose 3*h = j*h + 3. Suppose 0*w = -h*w + 6. What is the units digit of w?
2
What is the units digit of 36/54 + (-350)/(-6)?
9
Let k(z) be the first derivative of z**3/3 - z - 5. What is the units digit of k(3)?
8
Let i(j) = j**2 - 4*j - 4. What is the units digit of i(8)?
8
Suppose -4*v = -5*u - 270, -u = -v - 3*v + 278. What is the tens digit of v/4 + 18/12?
1
Suppose 0 = -3*y - y + 32. What is the units digit of y?
8
Let j(s) = 3*s**2 + 4*s + 2. Let f be j(-2). Let u be -1 + 0 + f + 0. Let w(n) = 2*n**2 - 8*n + 4. What is the tens digit of w(u)?
1
Suppose -n - 3*n - 68 = 0. Let d = n + 29. What is the tens digit of d?
1
Suppose -8 = -2*z - b + 8, -4*z - 5*b = -20. What is the units digit of z?
0
Let w(o) = -o + 4. Let a be w(4). Suppose -5*h + 5*j - 20 = a, 5*h + 3*j = 2*h. Let g = 3 + h. What is the units digit of g?
1
Let a = 15 + -11. Let f(r) = 3*r**2 - 5*r + 8. What is the tens digit of f(a)?
3
What is the tens digit of -3*((-16)/6 - 3)?
1
Suppose -5*v - 2*h + 1191 = -2*v, -3*v = h - 1188. What is the units digit of v?
5
Suppose -v - 10 - 25 = 0. Let d = v - -73. What is the units digit of d?
8
Suppose 2*w - 3*w - 4*j = -212, -j - 865 = -4*w. What is the hundreds digit of w?
2
Suppose 0 = 4*o - 13 - 43. Let l = o - 7. Let q(c) = c**3 - 6*c**2 - 5*c - 1. What is the units digit of q(l)?
3
Suppose -3*y = -y - 10. Suppose -l + q + 5 = 0, -q + 10 = y*l - 3. Suppose 2*i + 4*a + 2 = 0, l*i - 2*a = 2*i + 3. What is the units digit of i?
1
Let m(v) = -v**3 - 3*v**2 - 4*v - 2. Let u be m(-2). Let t(h) = h**3 + 7*h**2 - 10*h + 2. Let q be t(-8). Suppose 4*p = u + q. What is the units digit of p?
5
Let u be (-1)/4 - 85/(-20). Suppose 0 = -5*q + 2*q - t + 20, -4*q = -2*t - 10. Suppose u*k = -q*o + 2*o + 35, -k = -o. What is the units digit of o?
5
Let w(d) = 2*d + 0 + 3*d - 13 - d. What is the tens digit of w(12)?
3
Suppose 0 = u - 0*u + 4*w - 11, 2*w = 5*u - 55. Suppose -9 = 3*g + t - 1, -4*g - u = t. What is the units digit of 60/18*g/(-2)?
5
Let r(i) = i**2 - 3*i + 10. What is the tens digit of r(10)?
8
Suppose -r = -3*n + 314, 4*r + r = -4*n + 425. What is the tens digit of n?
0
Let y(f) = 0*f + 4 + f - 3. Let c be y(1). Suppose 4*g + 5 = -3, c*g + 9 = 5*l. What is the units digit of l?
1
Let q be ((-4)/3)/(-2)*-6. What is the units digit of q - -6 - (-1 - -2)?
1
Suppose -w - 12 = -4*w. Suppose -4*g = 2*q - 74, 5*q - 91 - 76 = -w*g. What is the tens digit of q?
3
Let i(p) be the first derivative of p**3 - p**2/2 - p + 1. Let w(k) = k**2 + k + 1. Let v(d) = -i(d) + 4*w(d). What is the units digit of v(-4)?
1
Let j = 13 - 6. Let g = j - -7. What is the units digit of g?
4
Let b(w) = -5*w - 3. Suppose -2*i + 3*m + 1 = -0*m, -5*i + 4*m = 8. What is the units digit of b(i)?
7
Let l(g) = g**3 + g**2 - 7. Let c be l(0). Let n = c - -47. What is the units digit of n?
0
Let u(k) = -5*k - 3. Let r be u(-4). Let z = r + 42. What is the tens digit of z?
5
Let r = -13 + 20. Let h(w) = 2*w**2 - 7*w - 4. Let q be h(r). Suppose -3*g + 5*p + q = 0, 0*p = g + 3*p - 15. What is the tens digit of g?
1
Suppose 5*m - 61 = -b, 0 = -4*m + 9 + 3. What is the tens digit of b?
4
Let d = 10 - 7. Suppose 0 = -b + 12 - d. What is the units digit of b?
9
Suppose 4*t - 4*o = 124, 4*o + 15 = t - 16. Suppose -t - 13 = -2*m. What is the units digit of m?
2
Let g = -80 - -42. Let z be g*(3/6)/(-1). Let a = z - 13. What is the units digit of a?
6
Suppose v + 3*j - 1 = -v, -3*v = 4*j - 1. What is the tens digit of v/(78/81 - 1)?
2
Let d = -157 + 244. Let o = -51 + d. What is the tens digit of o?
3
Let p(u) = u**2 - 4*u + 1. Let l be p(4). Suppose j - l - 14 = 0. What is the tens digit of j?
1
Let k(x) = -2*x. Let p be k(-1). Let d be ((-24)/(-15))/((-4)/(-10)). Suppose d*i - 47 = r - p*r, 2*i = -4*r + 34. What is the tens digit of i?
1
Let w = -1 + 2. What is the units digit of w?
1
Let n be 2 + (-5)/(10/(-4)). Suppose 7 = -n*f - 9. Let k(x) = -x**2 - 4*x + 4. What is the units digit of k(f)?
4
Suppose -o = 4*o - 25. Suppose o*d + 5*i + 2 - 27 = 0, -d + 5*i - 7 = 0. Suppose 5*l = 4*l + 3, -d*b = -l - 12. What is the units digit of b?
5
Let d(w) = -3*w + 4. Let x(a) = -2*a + 3. Let p(k) = 5*d(k) - 8*x(k). Let t be p(4). Suppose t = -0*q + 4*q - 12. What is the units digit of q?
3
Let x be -3 + ((-9)/(-3) - -6). Suppose x*o = 2*o + 44. What is the units digit of o?
1
Let g(y) = -y**2 + 7*y - 7. What is the units digit of g(4)?
5
Suppose -b + 4*j + 1 = -0, -2*b - 4*j + 14 = 0. Suppose 0*t - b*t = 20. Let c = t - -7. What is the units digit of c?
3
Let j be 10*(6/4)/3. Suppose 26 = j*o - 9. What is the units digit of o?
7
Let k(n) = -n - 7. Let h be k(-6). Let d be ((-12)/15)/(h/5). Suppose -3*b + 10 = 2*z, 3*b + 2 = d*z - 0. What is the units digit of z?
2
Let q(f) = -2*f + 9. What is the units digit of q(-6)?
1
What is the units digit of (56/2)/(3 - 1)?
4
Let y(c) = c**2 - 5*c - 3. Let l be y(-3). What is the units digit of l/2*(-8)/(-12)?
7
Let n(i) = 24*i**2 - 4*i - 6. What is the tens digit of n(3)?
9
Let f(h) = h**3 + 5*h**2 - 5*h + 7. Let p be f(-6). Let n(x) = -6*x + x**2 + p + 6 + 3 - 3. What is the units digit of n(5)?
2
Let b = 229 + -117. What is the hundreds digit of b?
1
Let a be -1*4/((-8)/198). Suppose 5*y + s + 0*s = 119, a = 5*y - 4*s. What is the units digit of y?
3
Let y(b) = 0*b**2 + 5*b**2 - 3*b - 3*b**2. Let r be y(3). Let i = 2 + r. What is the tens digit of i?
1
Let p(h) = -h - 3. Suppose -3*n + 2*w - 5 = 0, 0 = -n - n - w - 8. Let u be p(n). Suppose f + u = 6. What is the units digit of f?
6
Let q(p) = -2*p - 4. Let w be q(-7). Suppose b = -3*b - 8, -3*r + w = -2*b. Suppose r*u = -3*d + 29, -14 = 4*d + 2*u - 52. What is the units digit of d?
9
Let f = 246 - 147. What is the units digit of f?
9
Suppose 0 = -l + 2*y + 132 + 33, 3*y = 0. What is the hundreds digit of l?
1
Let m(o) = 4*o**3 - o**2 + o. Suppose 2*y = -3*y + 5. Let t be m(y). What is the tens digit of (2/t)/((-4)/(-104))?
1
Let b(v) = v + 10. Let r be b(0). Let c(a) = 2*a**2 + 3. Let i be c(-2). Suppose -1 = r*z - i*z. What is the units digit of z?
1
Suppose 9 = 5*f - 501. What is the hundreds digit of f?
1
Let z(j) = j**3 + 5*j**2 + 4*j + 6. Let g be z(-4). Suppose -5*k = -g*k + 18. What is the units digit of (2*1)/(12/k)?
3
Let q = 11 + -15. Let t = 10 - q. What is the tens digit of t?
1
Suppose 0 = -22*g + 24*g - 700. What is the tens digit of g?
5
Suppose 4*m - 3*m - 18 = 0. What is the units digit of m?
8
Suppose -i - 14 = 3*j, -2*j - 2*i = 2*j + 18. Let t be (-3)/(3/j)*-2. Let b(x) = -x - 4. What is the units digit of b(t)?
6
Let l(h) = h**3 - 5*h**2 + 7*h - 10. What is the tens digit of l(5)?
2
Let l = -6 - -218. What is the hundreds digit of l?
2
Let p(s) = -s**3 - 5*s**2 + 2. Let b be p(-5). Let f(q) = q**3 + 11*q**2 - 11*q + 17. Let a be f(-12). Suppose 52 = a*n + b. What is the units digit of n?
0
Let h = 145 - 99. What is the units digit of h?
6
Let l(q) = 7*q + 2. What is the tens digit of l(6)?
4
Suppose 3*k + 4*w = 307, 0*k + 4*w + 456 = 4*k. What is the units digit of k?
9
Let t = -12 - -72. What is the units digit of t?
0
Suppose 3*s - 317 = 2*s + 2*y, -2*s = -2*y - 626. What is the hundreds digit of s?
3
Let c = -13 + 107. What is the units digit of c?
4
Suppose -c - 57 = 3*l, -3*c - l - 123 = -4*l. Let v = c + 72. What is the units digit of v?
7
Let p be 135/9 - (2 + -1). Let d = p - -4. What is the tens digit of d?
1
What is the units digit of 55/1 + (1 - 0)?
6
Let m be (36/10)/((-3)/(-45)). Suppose f = 3*f - m. What is the units digit of f?
7
Let w(x) = 2*x + 67. What is the units digit of w(0)?
7
Let l be (-2)/(6/3)*5. Let r(q) = -q**2 - 6*q - 5. Let g be r(l). What is the units digit of 7 + g/(-1 - -4)?
7
Let l(a) = a**3 - 12*a**2 + 2*a - 17. Let b be l(12). Suppose -4*y + 115 = b. What is the units digit of y?
7
Let t(z) = -7*z - 4. What is the tens digit of t(-5)?
3
Let p(s) = -s**2 - s - 23. Let m be p(0). What is the tens digit of 3*1/(-3) - m?
2
Suppose 3*z - 12 = -3*z. Let x(m) be the first derivative of 3*m**2/2 - m - 1. What is the units digit of x(z)?
5
Let z = 22 + -16. What is the units digit of z?
6
Suppose 5*s = -2*p - 38, 0*s = -s - 4